are the prime factors of 19408200?
2, 3, 5, 7, 4621
What are the prime factors of 316047845?
5, 63209569
What are the prime factors of 83668287?
3, 31, 899659
What are the prime factors of 66048339?
3, 7, 463, 6793
List the prime factors of 29638270.
2, 5, 743, 3989
What are the prime factors of 6392381037?
3, 7, 83, 1483, 2473
List the prime factors of 792948115.
5, 23, 6895201
List the prime factors of 44707817.
7, 11, 19, 30559
What are the prime factors of 612460037?
7, 17, 97, 547
What are the prime factors of 103233129?
3, 17, 2024179
List the prime factors of 1008333358.
2, 504166679
What are the prime factors of 31107147?
3, 107, 96907
What are the prime factors of 1228145046?
2, 3, 204690841
What are the prime factors of 251625877?
251625877
List the prime factors of 121112464.
2, 11, 688139
What are the prime factors of 565478839?
8599, 65761
What are the prime factors of 338668063?
233, 419, 3469
List the prime factors of 68320904.
2, 8540113
What are the prime factors of 59777991?
3, 7, 13, 10427
List the prime factors of 190883442.
2, 3, 113, 281539
List the prime factors of 181826003.
103, 1765301
List the prime factors of 15510463.
487, 31849
List the prime factors of 788590144.
2, 23, 535727
What are the prime factors of 42967196?
2, 211, 50909
List the prime factors of 220875088.
2, 7, 1972099
What are the prime factors of 1057999491?
3, 117555499
List the prime factors of 4026668020.
2, 5, 1153, 174617
List the prime factors of 4310229591.
3, 19, 41, 83, 823
List the prime factors of 2763394158.
2, 3, 7, 65795099
List the prime factors of 704997293.
7, 11, 13, 17, 2437
What are the prime factors of 61524923?
61524923
List the prime factors of 232604546.
2, 139, 836707
List the prime factors of 74682558.
2, 3, 233, 17807
What are the prime factors of 1061030428?
2, 31, 8556697
What are the prime factors of 367058996?
2, 2659, 34511
What are the prime factors of 109347810?
2, 3, 5, 11, 13, 71, 359
List the prime factors of 1783065929.
61, 1283, 22783
List the prime factors of 302638558.
2, 43, 131, 26863
What are the prime factors of 319947757?
173, 863, 2143
List the prime factors of 586321571.
11, 53301961
List the prime factors of 172448757.
3, 13, 389, 421
List the prime factors of 84552701.
41, 137, 15053
What are the prime factors of 169358803?
283, 379, 1579
List the prime factors of 23282013.
3, 7760671
List the prime factors of 220740147.
3, 2725187
What are the prime factors of 8879340127?
7, 151, 171439
What are the prime factors of 327742709?
7, 23, 2035669
List the prime factors of 4145221241.
7, 19, 4723, 6599
What are the prime factors of 364710625?
5, 583537
What are the prime factors of 7884205833?
3, 7, 547, 686359
What are the prime factors of 10702185?
3, 5, 13, 71, 773
List the prime factors of 31518902.
2, 449, 35099
List the prime factors of 81676697.
81676697
List the prime factors of 731308995.
3, 5, 89, 182599
List the prime factors of 12242307.
3, 7, 11, 67, 113
List the prime factors of 737833215.
3, 5, 7, 23, 305521
List the prime factors of 8726926.
2, 13, 59, 5689
What are the prime factors of 60114044?
2, 157, 95723
What are the prime factors of 1113493844?
2, 179, 1555159
List the prime factors of 858358411.
31, 41, 675341
List the prime factors of 686983364.
2, 83, 2069227
What are the prime factors of 393106517?
393106517
What are the prime factors of 1387180621?
1387180621
What are the prime factors of 2611637942?
2, 1305818971
What are the prime factors of 100681924?
2, 7, 31, 193, 601
List the prime factors of 36261081.
3, 1343003
What are the prime factors of 4282259944?
2, 29, 353, 52289
What are the prime factors of 290766473?
43, 6762011
What are the prime factors of 200888401?
7, 31, 29863
What are the prime factors of 189669566?
2, 94834783
List the prime factors of 114655589.
29, 53, 74597
What are the prime factors of 649432614?
2, 3, 79, 1370111
What are the prime factors of 346712376?
2, 3, 577, 25037
What are the prime factors of 2284653245?
5, 7, 37, 53, 33287
List the prime factors of 43347482.
2, 21673741
What are the prime factors of 188754615?
3, 5, 7, 1747
What are the prime factors of 601686143?
43, 241, 58061
List the prime factors of 808135677.
3, 157, 311, 613
What are the prime factors of 890128647?
3, 37, 2673059
What are the prime factors of 44976663?
3, 479, 10433
What are the prime factors of 135280140?
2, 3, 5, 37, 60937
What are the prime factors of 2706680120?
2, 5, 67667003
What are the prime factors of 84815912?
2, 251, 42239
List the prime factors of 360619081.
163, 2212387
What are the prime factors of 1295426133?
3, 143936237
List the prime factors of 926098441.
29, 103, 310043
List the prime factors of 861483784.
2, 7, 373, 41243
What are the prime factors of 165064950?
2, 3, 5, 366811
What are the prime factors of 159797627?
11, 29, 500933
List the prime factors of 14837133.
3, 4945711
What are the prime factors of 4657463?
167
List the prime factors of 60402207.
3, 17, 1184357
What are the prime factors of 30524039?
7, 13, 335429
List the prime factors of 12835820.
2, 5, 641791
What are the prime factors of 18646416?
2, 3, 17, 2539
List the prime factors of 316264554.
2, 3, 5856751
List the prime factors of 930083641.
83, 607, 18461
List the prime factors of 157998978.
2, 3, 251, 11657
What are the prime factors of 46381874?
2, 7, 11, 301181
List the prime factors of 78745812.
2, 3, 2273, 2887
List the prime factors of 506117792.
2, 1361, 11621
List the prime factors of 1569978094.
2, 19, 239, 172867
What are the prime factors of 1578823522?
2, 37, 21335453
List the prime factors of 3998265226.
2, 32983, 60611
What are the prime factors of 272596596?
2, 3, 53, 8087
What are the prime factors of 31192463?
31192463
What are the prime factors of 146513830?
2, 5, 1049, 13967
What are the prime factors of 3676994507?
151, 24350957
What are the prime factors of 31094893?
1931, 16103
What are the prime factors of 2722667008?
2, 31, 171539
What are the prime factors of 316353449?
53, 1429, 4177
List the prime factors of 1967289371.
37, 71, 227, 3299
List the prime factors of 641451130.
2, 5, 173, 599, 619
What are the prime factors of 547733009?
14543, 37663
List the prime factors of 183286959.
3, 883, 69191
List the prime factors of 434739622.
2, 1559, 139429
What are the prime factors of 2919856503?
3, 29, 1697, 19777
List the prime factors of 43988182.
2, 7, 448859
List the prime factors of 219461059.
31, 677, 10457
List the prime factors of 51326461.
1277, 40193
List the prime factors of 2737094718.
2, 3, 31, 257, 57259
List the prime factors of 1358696123.
1358696123
What are the prime factors of 79096308?
2, 3, 17, 387727
What are the prime factors of 149649698?
2, 11, 6802259
What are the prime factors of 20532314?
2, 11, 797, 1171
List the prime factors of 4524677551.
17, 266157503
List the prime factors of 4145999271.
3, 36109, 38273
List the prime factors of 119234566.
2, 11, 17, 318809
What are the prime factors of 8753674511?
8753674511
What are the prime factors of 29251063?
29251063
List the prime factors of 1117228140.
2, 3, 5, 7, 83, 1187
List the prime factors of 97012935.
3, 5, 47, 45869
What are the prime factors of 40356734?
2, 11, 1834397
List the prime factors of 965390146.
2, 7, 68956439
List the prime factors of 36154957.
37, 53, 103, 179
What are the prime factors of 730832662?
2, 7, 347, 150439
What are the prime factors of 1925205910?
2, 5, 7207, 26713
What are the prime factors of 2937995187?
3, 979331729
List the prime factors of 25264382.
2, 11, 13, 88337
What are the prime factors of 121217758?
2, 19, 79, 149, 271
What are the prime factors of 53472561?
3, 1229, 14503
List the prime factors of 2202969549.
3, 11, 66756653
List the prime factors of 6709821.
3, 571, 3917
What are the prime factors of 60129891?
3, 2227033
List the prime factors of 36917098.
2, 17, 313, 3469
What are the prime factors of 148241365?
5, 29648273
What are the prime factors of 134661937?
71, 1896647
What are the prime factors of 1135916095?
5, 37, 6140087
What are the prime factors of 589958597?
589958597
List the prime factors of 76735654.
2, 17, 2256931
What are the prime factors of 1063260436?
2, 7, 1877, 20231
List the prime factors of 1154645183.
